
{"id":36,"date":"2014-09-10T16:43:54","date_gmt":"2014-09-10T20:43:54","guid":{"rendered":"http:\/\/demo.themesuite.com\/automotive-wp\/?page_id=36"},"modified":"2026-02-13T11:37:11","modified_gmt":"2026-02-13T11:37:11","slug":"empresa","status":"publish","type":"page","link":"https:\/\/www.fozmoto.com\/novo\/?page_id=36","title":{"rendered":"Empresa"},"content":{"rendered":"<p>[vc_row css=&#8221;.vc_custom_1410984521013{margin-bottom: 0px !important;}&#8221; el_class=&#8221;margin-bottom-none padding-bottom-40&#8243;][vc_column width=&#8221;8\/12&#8243;][vc_column_text]<\/p>\n<h3>HISTORIAL<\/h3>\n<p>[\/vc_column_text][vc_column_text el_class=&#8221;padding-bottom-40&#8243;]Em 1963 o Sr. Lu\u00eds Lopes Rodrigues iniciava o longo trajecto desta prestigiada empresa, surgia assim na Figueira da Foz, uma oficina com representa\u00e7\u00e3o da marca Italiana Vespa \/ Piaggio, marca esta que ficou sempre associada ao Sr. Lu\u00eds Rodrigues ainda hoje conhecido na Figueira da Foz como &#8220;Lu\u00eds das Vespas&#8221; tal foi a fideliza\u00e7\u00e3o \u00e0 marca Italiana.<\/p>\n<p class=\"textocinz\" align=\"left\"><a href=\"https:\/\/www.fozmoto.com\/novo\/wp-content\/uploads\/2014\/09\/0301.jpg\"><img loading=\"lazy\" decoding=\"async\" class=\"alignleft wp-image-875 size-medium\" src=\"https:\/\/www.fozmoto.com\/novo\/wp-content\/uploads\/2014\/09\/0301-250x187.jpg\" alt=\"030[1]\" width=\"250\" height=\"187\" srcset=\"https:\/\/www.fozmoto.com\/novo\/wp-content\/uploads\/2014\/09\/0301-250x187.jpg 250w, https:\/\/www.fozmoto.com\/novo\/wp-content\/uploads\/2014\/09\/0301-120x90.jpg 120w, https:\/\/www.fozmoto.com\/novo\/wp-content\/uploads\/2014\/09\/0301.jpg 600w\" sizes=\"auto, (max-width: 250px) 100vw, 250px\" \/><\/a>Em 1975 e sempre constante a vontade de evoluir o Sr. Lu\u00eds Rodrigues, cria a nova empresa Foz \u2013 Sociedade Com. Motociclos Lda. \u00e0 qual atribui o nome comercial de STAND MOTOCROSS, e passa ent\u00e3o a representar a marca Japonesa Yamaha para os concelhos da Figueira da Foz, Montemor-o-Velho e Condeixa.<\/p>\n<p class=\"textocinz\" align=\"left\">Os anos passam e o Stand Motocross continua a acompanhar o mercado, a estabilidade econ\u00f3mica do pa\u00eds n\u00e3o \u00e9 das melhores no entanto a paix\u00e3o pelas motos continua a ser maior. J\u00e1 n\u00e3o \u00e9 apenas o Sr. Lu\u00eds Rodrigues que dirige a empresa, mas conta com o apoio do filho Leonel Rodrigues como Gerente Comercial, que veio substituir o seu irm\u00e3o falecido em 1984.<\/p>\n<p class=\"textocinz\" align=\"justify\">O Stand Motocross continua a ser uma refer\u00eancia na Figueira da Foz, conseguindo acompanhar o desenvolvimento do pa\u00eds apesar dos altos e baixos que o mercado autom\u00f3vel e em particular o mercado das motos atravessa.<\/p>\n<p>[\/vc_column_text][\/vc_column][vc_column width=&#8221;4\/12&#8243;][vc_column_text]<\/p>\n<h3>VALORES<\/h3>\n<p>[\/vc_column_text][vc_column_text]<\/p>\n<ul>\n<li>Qualidade no atendimento<\/li>\n<li>Transpar\u00eancia nos neg\u00f3cios<\/li>\n<\/ul>\n<p>[\/vc_column_text][\/vc_column][\/vc_row]<\/p>\n","protected":false},"excerpt":{"rendered":"<p>[vc_row css=&#8221;.vc_custom_1410984521013{margin-bottom: 0px !important;}&#8221; el_class=&#8221;margin-bottom-none padding-bottom-40&#8243;][vc_column width=&#8221;8\/12&#8243;][vc_column_text]<\/p>\n<p> HISTORIAL <\/p>\n<p>[\/vc_column_text][vc_column_text el_class=&#8221;padding-bottom-40&#8243;]Em 1963 o Sr. Lu\u00eds Lopes Rodrigues iniciava o longo trajecto desta prestigiada empresa, surgia assim na Figueira da Foz, uma oficina com representa\u00e7\u00e3o da marca Italiana Vespa \/ Piaggio, marca esta que ficou sempre associada ao Sr. Lu\u00eds Rodrigues ainda hoje conhecido na Figueira da Foz como &#8220;Lu\u00eds das Vespas&#8221; tal foi a fideliza\u00e7\u00e3o \u00e0 marca Italiana.<\/p>\n<p class=\"textocinz\" align=\"left\"><img loading=\"lazy\" decoding=\"async\" class=\"alignleft wp-image-875 size-medium\" src=\"https:\/\/www.fozmoto.com\/novo\/wp-content\/uploads\/2014\/09\/0301-250x187.jpg\" alt=\"030[1]\" width=\"250\" height=\"187\" srcset=\"https:\/\/www.fozmoto.com\/novo\/wp-content\/uploads\/2014\/09\/0301-250x187.jpg 250w, https:\/\/www.fozmoto.com\/novo\/wp-content\/uploads\/2014\/09\/0301-120x90.jpg 120w, https:\/\/www.fozmoto.com\/novo\/wp-content\/uploads\/2014\/09\/0301.jpg 600w\" sizes=\"auto, (max-width: 250px) 100vw, 250px\" \/>Em 1975 e sempre constante a vontade de evoluir o Sr. Lu\u00eds Rodrigues, cria a nova empresa Foz \u2013 Sociedade Com. Motociclos Lda. \u00e0 qual atribui o nome comercial de STAND MOTOCROSS, e passa ent\u00e3o a representar a marca Japonesa Yamaha para os concelhos da Figueira da Foz, Montemor-o-Velho e Condeixa.<\/p>\n<p class=\"textocinz\" align=\"left\">Os anos passam e o Stand Motocross continua a acompanhar o mercado, [&#8230;]<\/p>\n","protected":false},"author":9,"featured_media":0,"parent":0,"menu_order":0,"comment_status":"open","ping_status":"closed","template":"","meta":{"footnotes":""},"class_list":["post-36","page","type-page","status-publish","hentry"],"_links":{"self":[{"href":"https:\/\/www.fozmoto.com\/novo\/index.php?rest_route=\/wp\/v2\/pages\/36","targetHints":{"allow":["GET"]}}],"collection":[{"href":"https:\/\/www.fozmoto.com\/novo\/index.php?rest_route=\/wp\/v2\/pages"}],"about":[{"href":"https:\/\/www.fozmoto.com\/novo\/index.php?rest_route=\/wp\/v2\/types\/page"}],"author":[{"embeddable":true,"href":"https:\/\/www.fozmoto.com\/novo\/index.php?rest_route=\/wp\/v2\/users\/9"}],"replies":[{"embeddable":true,"href":"https:\/\/www.fozmoto.com\/novo\/index.php?rest_route=%2Fwp%2Fv2%2Fcomments&post=36"}],"version-history":[{"count":20,"href":"https:\/\/www.fozmoto.com\/novo\/index.php?rest_route=\/wp\/v2\/pages\/36\/revisions"}],"predecessor-version":[{"id":3074,"href":"https:\/\/www.fozmoto.com\/novo\/index.php?rest_route=\/wp\/v2\/pages\/36\/revisions\/3074"}],"wp:attachment":[{"href":"https:\/\/www.fozmoto.com\/novo\/index.php?rest_route=%2Fwp%2Fv2%2Fmedia&parent=36"}],"curies":[{"name":"wp","href":"https:\/\/api.w.org\/{rel}","templated":true}]}}